 = -x - 13. Let a be h(-6). Let g(f) = -f**2 - 7*f - 3. Let w be g(a). Let r = w - -6. Give c(r).
-4
Let t(l) = -l**3 - 5*l**2 - 2*l + 3. Let f(a) = -11*a**2 - a**3 - 3 - 3*a**2 - a**2 + 6*a**2. Let n be f(-9). What is t(n)?
-9
Let b(d) = d**2 - 8*d + 6. Let j(w) = -2*w**2 + 7*w - 5. Let q(t) = -t**2 - 10*t - 10. Let p be q(-8). Let k(n) = p*b(n) + 7*j(n). Determine k(-1).
-8
Let i(z) be the first derivative of z**2 + 2*z + 8. What is i(-2)?
-2
Suppose 2*b - 9 = -b. Let r = b + 2. Let v(o) = o**3 - 4*o**2 - 5*o - 4. Give v(r).
-4
Let b(z) = 1 + 5 + z - 2. Let a be b(-2). Let h(x) = -x - 4*x - 2 - 3*x**a + 2*x**2. What is h(-4)?
2
Let k = 56 + -52. Let j(w) = w**3 - 3*w**2 - 3*w + 2. What is j(k)?
6
Let o(j) be the second derivative of -j**4/6 + 7*j**3/6 - 3*j**2 - 8*j. Calculate o(4).
-10
Let c(u) = -u. Let o be c(2). Let v(j) = j**3 + 4*j**2 + 3*j. Let b(x) = -2*x**3 - 8*x**2 - 6*x + 1. Let d(m) = 3*b(m) + 7*v(m). Give d(o).
5
Let v(t) = -4*t**2 - 3*t + 6. Let f(b) = -5*b**2 - 2*b + 7. Let x(i) = 3*f(i) - 4*v(i). Calculate x(-5).
-8
Let u be ((-6)/3)/(-1) - 6. Let s(f) = f + f - 3 - 4*f. Determine s(u).
5
Let i(z) be the third derivative of 0 - 1/24*z**6 + z**2 + 0*z + 1/60*z**5 + 1/12*z**4 + 1/6*z**3. Let d be i(-1). Let t(q) = -2*q. Determine t(d).
-10
Let x(y) be the first derivative of -12*y - 1/2*y**2 - 3. Let k = 9 + -14. Determine x(k).
-7
Let c(q) = -q. Let i be c(2). Let z(n) = 8*n**2 + 17*n + 8. Let j(t) = t**2 + 2*t + 1. Let g(k) = 18*j(k) - 2*z(k). Calculate g(i).
6
Let j(i) be the second derivative of -i**3/6 + i**2/2 - i. Let p(s) = -4*s + 4. Let d(v) = -3*j(v) + p(v). Determine d(3).
-2
Let c(q) = -2 + q + 2 - 4 + 1. What is c(5)?
2
Let k(s) = 17*s**3 - 3*s**2 + 3*s**2 - 16*s**3 + s**2 - 6. What is k(0)?
-6
Suppose -n = -4*n. Let f(a) = a + 13. Let p(m) = -3*m - 5*m - 12 + 7*m. Let j(g) = 5*f(g) + 6*p(g). Determine j(n).
-7
Let i(g) = 5*g**2 + 9*g + 5. Let k(a) = a**2 + a + 1. Let h(j) = i(j) - 4*k(j). What is h(-4)?
-3
Let k(i) = -i**2 - 16*i. Let r(u) = 3*u**2 + 46*u - 1. Let p(b) = -17*k(b) - 6*r(b). Calculate p(-6).
-6
Let p(j) be the third derivative of j**5/60 + j**4/24 - 2*j**2. Calculate p(-2).
2
Let y = -5 - -10. Suppose -5*d = 2*u + 3 + 2, 5*d + y = 2*u. Let w(a) = a + 9. Determine w(u).
9
Let z(l) be the second derivative of -l**4/12 - 5*l**3/6 + 6*l**2 + 4*l. Calculate z(-6).
6
Let p(h) = 2*h + 4. Let g(j) = j**2 - 7*j + 2. Let a be g(7). Suppose -a*f + 1 + 3 = 0. Let s = -6 + f. Give p(s).
-4
Let o(g) = 1 - g + 2*g - 3*g + 4. Let z = 3 - -2. What is o(z)?
-5
Let k(m) be the second derivative of -m**3/6 - m**2/2 + 5*m. Suppose -4*d + 4 = 3*z, 7*z - 2*z = -2*d - 12. Give k(z).
3
Let t(u) = 3*u + 10. Let o(d) = -2*d - 6. Let g(r) = 5*o(r) + 3*t(r). What is g(-4)?
4
Suppose -4*m + 0*q = 4*q, -2*m = 4*q - 2. Let u(p) = -p**3 + 5*p**2 - 5*p - 5. Let f(h) = -3*h**2 + 3*h + 3. Let a(g) = -7*f(g) - 4*u(g). Calculate a(m).
-3
Let a = 178 - 176. Let c(k) = -k - 5*k + 4*k + 2. Give c(a).
-2
Let v(m) = 2 + 2*m**2 - m**3 + 3*m - 3*m + 4*m. Suppose -q + 3*w = 2*w - 3, -5*q + 8 = 2*w. Let o = 0 - q. Determine v(o).
10
Let w(k) = -8*k**3 + k**2 + 5*k**3 + 13*k**3. Suppose -57*s + 56*s = 1. What is w(s)?
-9
Suppose -5*h + 11 = -9. Let p(g) = g - 2. Give p(h).
2
Let j(u) be the first derivative of -u**6/360 + u**5/40 + u**4/8 + u**3/3 + 1. Let p(x) be the third derivative of j(x). Give p(-2).
-7
Let x(m) be the second derivative of m**4/12 + m**3/2 + m**2/2 - 24*m. Calculate x(-3).
1
Suppose -y = -2*f, -8*f + 12 = -4*f + y. Let z(r) = r**2 + 2*r - 3. Give z(f).
5
Let f(o) = o**3 - 2*o**2 - o + 2. Let i be f(-2). Let d = 17 + i. Let x(a) = -a**2 + 4*a - 2. Determine x(d).
-7
Let r = 6 - 4. Let a(c) = 0*c**2 - 2 - 3*c - c**r - 4*c. Suppose 10*f - 119 + 179 = 0. Calculate a(f).
4
Let r(c) = 7*c - c**2 - 2 + 0*c**2 + 7. Let h be r(7). Let l(p) = -p**3 + 6*p**2 - 5*p + 5. What is l(h)?
5
Let b be -1 + 1/(0 - -1). Suppose -5*x - 7 - 13 = b. Let f(s) = -s**3 - 5*s**2 - 4*s - 6. Determine f(x).
-6
Let r(v) = v**2 - 6*v + 2. Suppose 0 + 9 = -y - 5*i, -3*y - 8 = -4*i. Let l be (4/(-6))/(y/30). Determine r(l).
-3
Let x(d) = d - 2. Let h be (-2 - 1) + 0 - -1. Give x(h).
-4
Let r(w) be the second derivative of -1/20*w**5 + 0 - 1/2*w**3 + 0*w**2 - 5*w - 1/4*w**4. Determine r(-3).
9
Suppose 5*n = -0*n. Suppose n = 2*g - g + 5. Let p(i) = -i**3 - 4*i**2 + 6*i. Give p(g).
-5
Let v(x) = -14*x**3 + 3*x + 13*x**3 + 5*x**2 + 2*x**3. Give v(-2).
6
Let b(p) = -2*p + 5. Let q = 21 + -26. Determine b(q).
15
Let k(b) = -3*b + 2. Let y(l) = -2*l + 2. Let t(g) = 5*k(g) - 6*y(g). Let o = 3 + -5. Calculate t(o).
4
Let h(o) = -48*o**2 + 0*o + 28*o**2 + o**3 + 5 + 2*o + 24*o**2. Determine h(-4).
-3
Let l(g) = -2*g + 6. Let d be 3 + 3*2/(6 - 0). Give l(d).
-2
Let u(c) be the third derivative of 1/4*c**4 + 0*c + 0 + 1/60*c**5 + 7/6*c**3 + 2*c**2. Give u(-5).
2
Let c(q) = -2*q. Let p(a) = -a**2 + 6*a - 7. Let g be p(6). Let y(t) = t**3 + 8*t**2 + 5*t - 10. Let b be y(g). Calculate c(b).
-8
Suppose b + 3*b - 108 = -4*h, -75 = -3*b + 3*h. Suppose 0 = -3*n - 4*k - 20, 5*n - b + 1 = 5*k. Let u(v) = v**3 - v**2 + 8. Give u(n).
8
Let b(h) = -5*h - 8. Let u(r) = -10 - 7 - 3*r + 13. Let n = -6 - -12. Let l(s) = n*b(s) - 11*u(s). Determine l(3).
5
Suppose 4*h + 3*b + 13 = 4*b, -b = -2*h - 5. Let d be (h + 12)*(-1)/(-2). Let k(w) = 2*w + 4 - 3*w + 5. What is k(d)?
5
Let w(i) = i**3 - 2*i**2 - 5*i + 6. Let b(c) = c**3 - 30*c**2 + 56*c + 4. Let a be b(28). What is w(a)?
18
Let k be 2/5*15/(-3). Let h(x) = 2 + 2*x**2 - 4*x**2 - x**2. Determine h(k).
-10
Let h(i) = -3*i**2 + 8*i - 3. Let n(k) = k**2 - k - 1. Let w(d) = -h(d) - 4*n(d). Determine w(-6).
-5
Suppose 0 = -b + 3*b + 6. Let o(u) = -u + 1. Let s(g) = 5*g - 4. Let l(w) = 18*o(w) + 4*s(w). What is l(b)?
-4
Let w(t) be the first derivative of 1 + 5/3*t**3 + 0*t - 1/2*t**2. Suppose 0 = -0*v + 5*v - 2*k + 5, 0 = 5*k. Give w(v).
6
Suppose p - 8 = 3*i, 4*i = 5*p + i - 52. Suppose p = -3*t - 1. Let v(l) = 5*l + 8. Let y(n) = -14*n - 23. Let b(o) = -11*v(o) - 4*y(o). Determine b(t).
0
Let w(r) = -r - 3. Let y be w(-5). Let u(j) = 5 + y*j + 1 - j. Suppose 13*m - 25*m = 72. What is u(m)?
0
Suppose -3*r + 6*r = 9. Let k(y) = -y**3 + y**2 - 4*y - 1. Let j(w) = -w - 1. Let h(x) = 5*j(x) - k(x). What is h(r)?
11
Let q(i) = i**3 - 1 + i**2 - 2 + 4*i + 6. Let g = -8 + 6. Give q(g).
-9
Let b(m) be the second derivative of m**3/6 - m**2 - 12*m. Determine b(6).
4
Let n(j) be the third derivative of -j**4/12 - j**3/6 - j**2. Suppose 0 = -5*z - 4*h - 9, -6*h + 41 = -5*z - 2*h. Let y = z + 3. Calculate n(y).
3
Suppose 3*w + 6 = 3*r, -r + 3*r - 5*w = 10. Let p(c) = -c**3 - c**2 - 9. Determine p(r).
-9
Let m(p) = 2*p**2 - 6*p + 4. Let g(x) = -3*x**2 + 7*x - 5. Let s(z) = -3*g(z) - 4*m(z). Suppose 0 = 5*a - 17 - 13. Suppose 0 = a*b - 8*b - 6. Give s(b).
-1
Let c(t) be the first derivative of -t**4/2 - t**3/3 + 3*t**2/2 + t - 2. Calculate c(-2).
7
Suppose 4*t = -4*u + 3*t + 12, -2*t = 0. Let d = 5 + -3. Let y(o) = 3*o**d + 0*o - 1 - o + o**u - 4*o. Give y(-4).
3
Let c(b) = -b**3 - 4*b**2 + 3*b - 2. Let s(p) = p**3 + 4*p**2 - 2*p + 1. Let i be 3/(-12) + (-38)/8. Let q(u) = i*c(u) - 6*s(u). What is q(-3)?
4
Let g(i) = -3*i + 1. Let t = -5 - -13. Suppose 2 = 2*u + t. Determine g(u).
10
Let r(d) = 0*d**2 - d**2 + 10*d - 5 + 9. Give r(8).
20
Let v be 12 + -7 + (-3 - 1). Let z(i) = -4*i**2 + 3*i. Let c(j) = -92*j**2 + 68*j. Let o(g) = 6*c(g) - 136*z(g). Calculate o(v).
-8
Let i(g) = 2*g**3 + 7*g**2 - 2*g - 9. Let q(z) = 3*z**3 + 7*z**2 - z - 10. Let h(j) = 4*i(j) - 3*q(j). What is h(6)?
0
Let m be 3/(6/(-10)*-1). Let b(g) = -g**3 + 5*g**2 + 2*g - 7. Give b(m).
3
Let g(h) = -3*h**3 - h**2. Let l(i) = 2*i - 14. Let x be l(10). Let c be ((-2)/8)/(x/24). Give g(c).
2
Let o(q) = q**2 + q + 1. Let l(y) = 3*y**2 + 6*y - 4. Let p(t) = l(t) - 2*o(t). What is p(-6)?
6
Let d = 1 - 6. Let q be (d - -5)*1/3. Let j(v) = v**3 + v**2 + 4. What is j(q)?
4
Let v(i) = i + 11. Let x be (-8)/(-20) + (-64)/10. Let m be v(x). Let f(k) = -2*k + 6. Determine f(m).
-4
Let o(h) be the first derivative of 4*h**2 + h + 1. Suppose 7 = -j - 4*y, 3*j = -0*j - 5*y - 7. Calculate o(j).
9
Let g(t) = -3*t + 3. Let w be g(4). Let v be (-3)/9 - 39/w. Let h(y) = -y**2 - y + 2*y + 4*y - 1.